{"id":230,"date":"2021-07-27T10:25:25","date_gmt":"2021-07-27T08:25:25","guid":{"rendered":"http:\/\/sp84.openworld24.pl\/?page_id=230"},"modified":"2025-10-03T19:48:50","modified_gmt":"2025-10-03T17:48:50","slug":"swietlica","status":"publish","type":"page","link":"https:\/\/sp84.poznan.pl\/index.php\/swietlica\/","title":{"rendered":"\u015awietlica"},"content":{"rendered":"\n<h1 class=\"wp-block-heading has-text-align-center has-white-color has-vivid-green-cyan-background-color has-text-color has-background has-huge-font-size\">Nasza \u015bwietlica<\/h1>\n\n\n\n<p style=\"font-size:24px\">\u015awietlica szkolna czynna jest od poniedzia\u0142ku do pi\u0105tku od 6.30 do 17.00. Do \u015bwietlicy przyjmowane s\u0105 dzieci klas I-III na podstawie karty zapisu, kt\u00f3r\u0105 rodzice wype\u0142niaj\u0105 na pocz\u0105tku roku szkolnego (uczniowie klas IV-V po indywidualnym rozpatrzeniu wniosku rodzic\u00f3w przez dyrektora szko\u0142y).<\/p>\n\n\n\n<p style=\"font-size:24px\"><strong>Telefon kontaktowy: <\/strong><\/p>\n\n\n\n<p style=\"font-size:24px\">452512772<\/p>\n\n\n\n<p style=\"font-size:24px\"><br>Celem naszej \u015bwietlicy jest zapewnienie opieki uczniom przed zaj\u0119ciami i po ich zako\u0144czeniu, rozwijanie zainteresowa\u0144 uczni\u00f3w, propagowanie aktywnych form sp\u0119dzania czasu, pomoc w odrabianiu prac domowych a tak\u017ce rozwijanie umiej\u0119tno\u015bci wsp\u00f3\u0142dzia\u0142ania w grupie. \u015awietlica dysponuje dwoma salami. W \u015bwietlicy szkolnej o bezpieczne i mi\u0142e sp\u0119dzanie czasu dba dziewi\u0119cioro nauczycieli.<br><strong>W ramach zaj\u0119\u0107 \u015bwietlicowych odbywaj\u0105 si\u0119 :<\/strong><br>\u2022 zaj\u0119cia plastyczno- techniczne;<br>\u2022 gry i zabawy ruchowe;<br>\u2022 zaj\u0119cia czytelnicze w ramach projektu \u201eCa\u0142a Polska czyta dzieciom\u201d;<br>\u2022 zaj\u0119cia na \u015bwie\u017cym powietrzu.<\/p>\n\n\n\n<div class=\"wp-block-columns is-layout-flex wp-container-core-columns-is-layout-9d6595d7 wp-block-columns-is-layout-flex\">\n<div class=\"wp-block-column is-layout-flow wp-block-column-is-layout-flow\" style=\"flex-basis:100%\">\n<figure class=\"wp-block-gallery has-nested-images columns-default is-cropped wp-block-gallery-1 is-layout-flex wp-block-gallery-is-layout-flex\">\n<figure class=\"wp-block-image size-large\"><img fetchpriority=\"high\" decoding=\"async\" width=\"768\" height=\"1024\" data-id=\"5238\" src=\"https:\/\/sp84.poznan.pl\/wp-content\/uploads\/2025\/10\/1000020155-768x1024.jpg\" alt=\"Jesienne drzewo z papieru wisz\u0105ce na tablicy korkowej.\" class=\"wp-image-5238\" srcset=\"https:\/\/sp84.poznan.pl\/wp-content\/uploads\/2025\/10\/1000020155-768x1024.jpg 768w, https:\/\/sp84.poznan.pl\/wp-content\/uploads\/2025\/10\/1000020155-225x300.jpg 225w, https:\/\/sp84.poznan.pl\/wp-content\/uploads\/2025\/10\/1000020155-1152x1536.jpg 1152w, https:\/\/sp84.poznan.pl\/wp-content\/uploads\/2025\/10\/1000020155-1536x2048.jpg 1536w, https:\/\/sp84.poznan.pl\/wp-content\/uploads\/2025\/10\/1000020155-scaled.jpg 1920w\" sizes=\"(max-width: 768px) 100vw, 768px\" \/><\/figure>\n\n\n\n<figure class=\"wp-block-image size-large\"><img decoding=\"async\" width=\"1024\" height=\"768\" data-id=\"5233\" src=\"https:\/\/sp84.poznan.pl\/wp-content\/uploads\/2025\/10\/1000020160-1024x768.jpg\" alt=\"Grzybki i kwiatki oraz arbuz wykonany z papieru.\" class=\"wp-image-5233\" srcset=\"https:\/\/sp84.poznan.pl\/wp-content\/uploads\/2025\/10\/1000020160-1024x768.jpg 1024w, https:\/\/sp84.poznan.pl\/wp-content\/uploads\/2025\/10\/1000020160-300x225.jpg 300w, https:\/\/sp84.poznan.pl\/wp-content\/uploads\/2025\/10\/1000020160-768x576.jpg 768w, https:\/\/sp84.poznan.pl\/wp-content\/uploads\/2025\/10\/1000020160-1536x1152.jpg 1536w, https:\/\/sp84.poznan.pl\/wp-content\/uploads\/2025\/10\/1000020160-2048x1536.jpg 2048w\" sizes=\"(max-width: 1024px) 100vw, 1024px\" \/><\/figure>\n\n\n\n<figure class=\"wp-block-image size-large\"><img decoding=\"async\" width=\"1024\" height=\"771\" data-id=\"5241\" src=\"https:\/\/sp84.poznan.pl\/wp-content\/uploads\/2025\/10\/1000020386-1024x771.jpg\" alt=\"S\u00f3wki wykonane z papieru i cz\u0119\u015bci roli papieru toaletowego.\" class=\"wp-image-5241\" srcset=\"https:\/\/sp84.poznan.pl\/wp-content\/uploads\/2025\/10\/1000020386-1024x771.jpg 1024w, https:\/\/sp84.poznan.pl\/wp-content\/uploads\/2025\/10\/1000020386-300x226.jpg 300w, https:\/\/sp84.poznan.pl\/wp-content\/uploads\/2025\/10\/1000020386-768x578.jpg 768w, https:\/\/sp84.poznan.pl\/wp-content\/uploads\/2025\/10\/1000020386-1536x1157.jpg 1536w, https:\/\/sp84.poznan.pl\/wp-content\/uploads\/2025\/10\/1000020386.jpg 2040w\" sizes=\"(max-width: 1024px) 100vw, 1024px\" \/><\/figure>\n\n\n\n<figure class=\"wp-block-image size-large\"><img loading=\"lazy\" decoding=\"async\" width=\"720\" height=\"960\" data-id=\"666\" src=\"https:\/\/sp84.poznan.pl\/wp-content\/uploads\/2021\/11\/248582878_1965567996957251_1220750253045487810_n-2.jpg\" alt=\"Ludzik zbudowany z kasztan\u00f3w i patyczk\u00f3w.\" class=\"wp-image-666\" srcset=\"https:\/\/sp84.poznan.pl\/wp-content\/uploads\/2021\/11\/248582878_1965567996957251_1220750253045487810_n-2.jpg 720w, https:\/\/sp84.poznan.pl\/wp-content\/uploads\/2021\/11\/248582878_1965567996957251_1220750253045487810_n-2-225x300.jpg 225w\" sizes=\"(max-width: 720px) 100vw, 720px\" \/><\/figure>\n\n\n\n<figure class=\"wp-block-image size-large\"><img loading=\"lazy\" decoding=\"async\" width=\"771\" height=\"1024\" data-id=\"5240\" src=\"https:\/\/sp84.poznan.pl\/wp-content\/uploads\/2025\/10\/1000020387-771x1024.jpg\" alt=\"Paj\u0105ki z papieru.\" class=\"wp-image-5240\" srcset=\"https:\/\/sp84.poznan.pl\/wp-content\/uploads\/2025\/10\/1000020387-771x1024.jpg 771w, https:\/\/sp84.poznan.pl\/wp-content\/uploads\/2025\/10\/1000020387-226x300.jpg 226w, https:\/\/sp84.poznan.pl\/wp-content\/uploads\/2025\/10\/1000020387-768x1020.jpg 768w, https:\/\/sp84.poznan.pl\/wp-content\/uploads\/2025\/10\/1000020387-1157x1536.jpg 1157w, https:\/\/sp84.poznan.pl\/wp-content\/uploads\/2025\/10\/1000020387.jpg 1536w\" sizes=\"(max-width: 771px) 100vw, 771px\" \/><\/figure>\n\n\n\n<figure class=\"wp-block-image size-large\"><img loading=\"lazy\" decoding=\"async\" width=\"1024\" height=\"768\" data-id=\"5260\" src=\"https:\/\/sp84.poznan.pl\/wp-content\/uploads\/2025\/10\/siedem-1024x768.jpg\" alt=\"Uk\u0142adanie puzzli przez uczni\u00f3w.\" class=\"wp-image-5260\" srcset=\"https:\/\/sp84.poznan.pl\/wp-content\/uploads\/2025\/10\/siedem-1024x768.jpg 1024w, https:\/\/sp84.poznan.pl\/wp-content\/uploads\/2025\/10\/siedem-300x225.jpg 300w, https:\/\/sp84.poznan.pl\/wp-content\/uploads\/2025\/10\/siedem-768x576.jpg 768w, https:\/\/sp84.poznan.pl\/wp-content\/uploads\/2025\/10\/siedem-1536x1152.jpg 1536w, https:\/\/sp84.poznan.pl\/wp-content\/uploads\/2025\/10\/siedem.jpg 2048w\" sizes=\"(max-width: 1024px) 100vw, 1024px\" \/><\/figure>\n\n\n\n<figure class=\"wp-block-image size-large\"><img loading=\"lazy\" decoding=\"async\" width=\"768\" height=\"1024\" data-id=\"5262\" src=\"https:\/\/sp84.poznan.pl\/wp-content\/uploads\/2025\/10\/piec-768x1024.jpg\" alt=\"Robot z klock\u00f3w.\" class=\"wp-image-5262\" srcset=\"https:\/\/sp84.poznan.pl\/wp-content\/uploads\/2025\/10\/piec-768x1024.jpg 768w, https:\/\/sp84.poznan.pl\/wp-content\/uploads\/2025\/10\/piec-225x300.jpg 225w, https:\/\/sp84.poznan.pl\/wp-content\/uploads\/2025\/10\/piec-1152x1536.jpg 1152w, https:\/\/sp84.poznan.pl\/wp-content\/uploads\/2025\/10\/piec.jpg 1536w\" sizes=\"(max-width: 768px) 100vw, 768px\" \/><\/figure>\n\n\n\n<figure class=\"wp-block-image size-large\"><img loading=\"lazy\" decoding=\"async\" width=\"1024\" height=\"768\" data-id=\"5255\" src=\"https:\/\/sp84.poznan.pl\/wp-content\/uploads\/2025\/10\/1000020375-1024x768.jpg\" alt=\"Kurczak z klock\u00f3w.\" class=\"wp-image-5255\" srcset=\"https:\/\/sp84.poznan.pl\/wp-content\/uploads\/2025\/10\/1000020375-1024x768.jpg 1024w, https:\/\/sp84.poznan.pl\/wp-content\/uploads\/2025\/10\/1000020375-300x225.jpg 300w, https:\/\/sp84.poznan.pl\/wp-content\/uploads\/2025\/10\/1000020375-768x576.jpg 768w, https:\/\/sp84.poznan.pl\/wp-content\/uploads\/2025\/10\/1000020375-1536x1152.jpg 1536w, https:\/\/sp84.poznan.pl\/wp-content\/uploads\/2025\/10\/1000020375.jpg 2048w\" sizes=\"(max-width: 1024px) 100vw, 1024px\" \/><\/figure>\n<\/figure>\n<\/div>\n<\/div>\n\n\n\n<div class=\"wp-block-columns is-layout-flex wp-container-core-columns-is-layout-9d6595d7 wp-block-columns-is-layout-flex\">\n<div class=\"wp-block-column is-layout-flow wp-block-column-is-layout-flow\">\n<figure class=\"wp-block-image size-large\"><img loading=\"lazy\" decoding=\"async\" width=\"768\" height=\"1024\" src=\"https:\/\/sp84.poznan.pl\/wp-content\/uploads\/2025\/10\/1000020374-768x1024.jpg\" alt=\"Kaczka z klock\u00f3w.\" class=\"wp-image-5256\" srcset=\"https:\/\/sp84.poznan.pl\/wp-content\/uploads\/2025\/10\/1000020374-768x1024.jpg 768w, https:\/\/sp84.poznan.pl\/wp-content\/uploads\/2025\/10\/1000020374-225x300.jpg 225w, https:\/\/sp84.poznan.pl\/wp-content\/uploads\/2025\/10\/1000020374-1152x1536.jpg 1152w, https:\/\/sp84.poznan.pl\/wp-content\/uploads\/2025\/10\/1000020374.jpg 1536w\" sizes=\"(max-width: 768px) 100vw, 768px\" \/><\/figure>\n<\/div>\n\n\n\n<div class=\"wp-block-column is-layout-flow wp-block-column-is-layout-flow\">\n<figure class=\"wp-block-image size-large\"><img loading=\"lazy\" decoding=\"async\" width=\"768\" height=\"1024\" src=\"https:\/\/sp84.poznan.pl\/wp-content\/uploads\/2025\/10\/1000020371-768x1024.jpg\" alt=\"Odciski dinozaur\u00f3w w masie.\" class=\"wp-image-5257\" srcset=\"https:\/\/sp84.poznan.pl\/wp-content\/uploads\/2025\/10\/1000020371-768x1024.jpg 768w, https:\/\/sp84.poznan.pl\/wp-content\/uploads\/2025\/10\/1000020371-225x300.jpg 225w, https:\/\/sp84.poznan.pl\/wp-content\/uploads\/2025\/10\/1000020371-1152x1536.jpg 1152w, https:\/\/sp84.poznan.pl\/wp-content\/uploads\/2025\/10\/1000020371.jpg 1536w\" sizes=\"(max-width: 768px) 100vw, 768px\" \/><\/figure>\n<\/div>\n<\/div>\n\n\n\n<div class=\"wp-block-columns is-layout-flex wp-container-core-columns-is-layout-9d6595d7 wp-block-columns-is-layout-flex\">\n<div class=\"wp-block-column is-layout-flow wp-block-column-is-layout-flow\">\n<figure class=\"wp-block-image size-large\"><img loading=\"lazy\" decoding=\"async\" width=\"472\" height=\"1024\" src=\"https:\/\/sp84.poznan.pl\/wp-content\/uploads\/2025\/10\/1000020394-472x1024.jpg\" alt=\"Ludziki z d\u0142ugimi w\u0142osami.\" class=\"wp-image-5235\" srcset=\"https:\/\/sp84.poznan.pl\/wp-content\/uploads\/2025\/10\/1000020394-472x1024.jpg 472w, https:\/\/sp84.poznan.pl\/wp-content\/uploads\/2025\/10\/1000020394-138x300.jpg 138w, https:\/\/sp84.poznan.pl\/wp-content\/uploads\/2025\/10\/1000020394-768x1665.jpg 768w, https:\/\/sp84.poznan.pl\/wp-content\/uploads\/2025\/10\/1000020394-709x1536.jpg 709w, https:\/\/sp84.poznan.pl\/wp-content\/uploads\/2025\/10\/1000020394.jpg 919w\" sizes=\"(max-width: 472px) 100vw, 472px\" \/><\/figure>\n<\/div>\n\n\n\n<div class=\"wp-block-column is-layout-flow wp-block-column-is-layout-flow\">\n<figure class=\"wp-block-image size-large\"><img loading=\"lazy\" decoding=\"async\" width=\"1024\" height=\"740\" src=\"https:\/\/sp84.poznan.pl\/wp-content\/uploads\/2025\/10\/1000020391-1024x740.jpg\" alt=\"Lepienie z gliny.\" class=\"wp-image-5236\" srcset=\"https:\/\/sp84.poznan.pl\/wp-content\/uploads\/2025\/10\/1000020391-1024x740.jpg 1024w, https:\/\/sp84.poznan.pl\/wp-content\/uploads\/2025\/10\/1000020391-300x217.jpg 300w, https:\/\/sp84.poznan.pl\/wp-content\/uploads\/2025\/10\/1000020391-768x555.jpg 768w, https:\/\/sp84.poznan.pl\/wp-content\/uploads\/2025\/10\/1000020391.jpg 1245w\" sizes=\"(max-width: 1024px) 100vw, 1024px\" \/><\/figure>\n<\/div>\n<\/div>\n\n\n\n<div class=\"wp-block-columns is-layout-flex wp-container-core-columns-is-layout-9d6595d7 wp-block-columns-is-layout-flex\">\n<div class=\"wp-block-column is-layout-flow wp-block-column-is-layout-flow\">\n<figure class=\"wp-block-image size-large\"><img loading=\"lazy\" decoding=\"async\" width=\"1024\" height=\"768\" src=\"https:\/\/sp84.poznan.pl\/wp-content\/uploads\/2025\/10\/1000020383-1024x768.jpg\" alt=\"U\u017cywanie pisak\u00f3w 3d.\" class=\"wp-image-5248\" srcset=\"https:\/\/sp84.poznan.pl\/wp-content\/uploads\/2025\/10\/1000020383-1024x768.jpg 1024w, https:\/\/sp84.poznan.pl\/wp-content\/uploads\/2025\/10\/1000020383-300x225.jpg 300w, https:\/\/sp84.poznan.pl\/wp-content\/uploads\/2025\/10\/1000020383-768x576.jpg 768w, https:\/\/sp84.poznan.pl\/wp-content\/uploads\/2025\/10\/1000020383-1536x1152.jpg 1536w, https:\/\/sp84.poznan.pl\/wp-content\/uploads\/2025\/10\/1000020383.jpg 2048w\" sizes=\"(max-width: 1024px) 100vw, 1024px\" \/><\/figure>\n<\/div>\n\n\n\n<div class=\"wp-block-column is-layout-flow wp-block-column-is-layout-flow\">\n<figure class=\"wp-block-image size-large\"><img loading=\"lazy\" decoding=\"async\" width=\"768\" height=\"1024\" src=\"https:\/\/sp84.poznan.pl\/wp-content\/uploads\/2025\/10\/1000020372-768x1024.jpg\" alt=\"I spy.\" class=\"wp-image-5254\" srcset=\"https:\/\/sp84.poznan.pl\/wp-content\/uploads\/2025\/10\/1000020372-768x1024.jpg 768w, https:\/\/sp84.poznan.pl\/wp-content\/uploads\/2025\/10\/1000020372-225x300.jpg 225w, https:\/\/sp84.poznan.pl\/wp-content\/uploads\/2025\/10\/1000020372-1152x1536.jpg 1152w, https:\/\/sp84.poznan.pl\/wp-content\/uploads\/2025\/10\/1000020372.jpg 1536w\" sizes=\"(max-width: 768px) 100vw, 768px\" \/><\/figure>\n<\/div>\n<\/div>\n\n\n\n<div class=\"wp-block-columns is-layout-flex wp-container-core-columns-is-layout-9d6595d7 wp-block-columns-is-layout-flex\">\n<div class=\"wp-block-column is-layout-flow wp-block-column-is-layout-flow\"><\/div>\n\n\n\n<div class=\"wp-block-column is-layout-flow wp-block-column-is-layout-flow\"><\/div>\n<\/div>\n","protected":false},"excerpt":{"rendered":"<p>Nasza \u015bwietlica \u015awietlica szkolna czynna jest od poniedzia\u0142ku do pi\u0105tku od 6.30 do 17.00. Do \u015bwietlicy przyjmowane s\u0105 dzieci klas I-III na podstawie karty zapisu, kt\u00f3r\u0105 rodzice wype\u0142niaj\u0105 na pocz\u0105tku roku szkolnego (uczniowie klas IV-V po indywidualnym rozpatrzeniu wniosku rodzic\u00f3w przez dyrektora szko\u0142y). Telefon kontaktowy: 452512772 Celem naszej \u015bwietlicy jest zapewnienie opieki uczniom przed zaj\u0119ciami [&hellip;]<\/p>\n","protected":false},"author":1,"featured_media":0,"parent":0,"menu_order":0,"comment_status":"closed","ping_status":"closed","template":"","meta":{"footnotes":""},"class_list":["post-230","page","type-page","status-publish","hentry"],"_links":{"self":[{"href":"https:\/\/sp84.poznan.pl\/index.php\/wp-json\/wp\/v2\/pages\/230","targetHints":{"allow":["GET"]}}],"collection":[{"href":"https:\/\/sp84.poznan.pl\/index.php\/wp-json\/wp\/v2\/pages"}],"about":[{"href":"https:\/\/sp84.poznan.pl\/index.php\/wp-json\/wp\/v2\/types\/page"}],"author":[{"embeddable":true,"href":"https:\/\/sp84.poznan.pl\/index.php\/wp-json\/wp\/v2\/users\/1"}],"replies":[{"embeddable":true,"href":"https:\/\/sp84.poznan.pl\/index.php\/wp-json\/wp\/v2\/comments?post=230"}],"version-history":[{"count":8,"href":"https:\/\/sp84.poznan.pl\/index.php\/wp-json\/wp\/v2\/pages\/230\/revisions"}],"predecessor-version":[{"id":5267,"href":"https:\/\/sp84.poznan.pl\/index.php\/wp-json\/wp\/v2\/pages\/230\/revisions\/5267"}],"wp:attachment":[{"href":"https:\/\/sp84.poznan.pl\/index.php\/wp-json\/wp\/v2\/media?parent=230"}],"curies":[{"name":"wp","href":"https:\/\/api.w.org\/{rel}","templated":true}]}}