{"id":24,"date":"2021-05-10T09:36:00","date_gmt":"2021-05-10T07:36:00","guid":{"rendered":"http:\/\/sp84.openworld24.pl\/?page_id=24"},"modified":"2025-03-18T11:59:05","modified_gmt":"2025-03-18T10:59:05","slug":"hymn","status":"publish","type":"page","link":"https:\/\/sp84.poznan.pl\/index.php\/o-nas\/hymn\/","title":{"rendered":"Hymn"},"content":{"rendered":"\n<p class=\"has-text-align-left has-text-color has-link-color wp-elements-6435404d617ed33411ba93e736cd1b32\" style=\"color:#224363;font-size:22px\"><strong>Hymn szkolny<\/strong><\/p>\n\n\n\n<p class=\"has-text-color has-link-color wp-elements-b9ac8e043b79d43e17ac1c88864f4b9a\" style=\"color:#224363;font-size:20px\">       <strong>Rac\u0142awickie pola<\/strong><\/p>\n\n\n\n<p>1. Rozpoczyna si\u0119 natarcie,<\/p>\n\n\n\n<p>Ju\u017c konnica mknie na przedzie<\/p>\n\n\n\n<p> Kosynier\u00f3w szyki zwarte,<\/p>\n\n\n\n<p> Sam Ko\u015bciuszko wiedzie.<\/p>\n\n\n\n<p class=\"has-text-align-left\">Ref.: &nbsp;Rac\u0142awickie pola \u017cyzne<\/p>\n\n\n\n<p>Pami\u0119taj\u0105 dawny b\u00f3j,<\/p>\n\n\n\n<p>Gdy o wolno\u015b\u0107 i ojczyzn\u0119<\/p>\n\n\n\n<p>Polski \u017co\u0142nierz walczy\u0142 tu. <\/p>\n\n\n\n<p><\/p>\n\n\n\n<p><\/p>\n\n\n\n<p><br><\/p>\n\n\n\n<p>2. Atakuj\u0105 kosynierzy,<\/p>\n\n\n\n<p>Gro\u017ana cofa si\u0119 nawa\u0142a<\/p>\n\n\n\n<p>Nasi id\u0105 na prz\u00f3d m\u0119\u017cnie<\/p>\n\n\n\n<p>Zdobywaj\u0105 dzia\u0142a.<\/p>\n\n\n\n<p>Ref.: Rac\u0142awickie pola \u017cyzne<\/p>\n\n\n\n<p>Pami\u0119taj\u0105 dawny b\u00f3j,<\/p>\n\n\n\n<p>Gdy o wolno\u015b\u0107 i ojczyzn\u0119<\/p>\n\n\n\n<p>Polski \u017co\u0142nierz walczy\u0142 tu.<\/p>\n\n\n\n<p><br><\/p>\n\n\n\n<p>3. Ju\u017c zwyci\u0119stwa wie\u015b\u0107 si\u0119 szerzy,<\/p>\n\n\n\n<p>wiwatuje nasze wojsko<\/p>\n\n\n\n<p>i wo\u0142aj\u0105 kosynierzy:<\/p>\n\n\n\n<p>\u201eTo dla ciebie, Polsko\u201d.<\/p>\n\n\n\n<p>Ref.: Rac\u0142awickie pola \u017cyzne<\/p>\n\n\n\n<p>Pami\u0119taj\u0105 dawny b\u00f3j,<\/p>\n\n\n\n<p>Gdy o wolno\u015b\u0107 i ojczyzn\u0119<\/p>\n\n\n\n<p>Polski \u017co\u0142nierz walczy\u0142 tu.<\/p>\n\n\n\n<figure class=\"wp-block-audio\"><audio controls src=\"http:\/\/sp84.poznan.pl\/wp-content\/uploads\/2021\/11\/hymn_szkoly-1.mp3\"><\/audio><figcaption class=\"wp-element-caption\">\u015acie\u017cka d\u017awi\u0119kowa &#8211; mp.3<\/figcaption><\/figure>\n\n\n\n<p><\/p>\n","protected":false},"excerpt":{"rendered":"<p>Hymn szkolny Rac\u0142awickie pola 1. Rozpoczyna si\u0119 natarcie, Ju\u017c konnica mknie na przedzie Kosynier\u00f3w szyki zwarte, Sam Ko\u015bciuszko wiedzie. Ref.: &nbsp;Rac\u0142awickie pola \u017cyzne Pami\u0119taj\u0105 dawny b\u00f3j, Gdy o wolno\u015b\u0107 i ojczyzn\u0119 Polski \u017co\u0142nierz walczy\u0142 tu. 2. Atakuj\u0105 kosynierzy, Gro\u017ana cofa si\u0119 nawa\u0142a Nasi id\u0105 na prz\u00f3d m\u0119\u017cnie Zdobywaj\u0105 dzia\u0142a. Ref.: Rac\u0142awickie pola \u017cyzne Pami\u0119taj\u0105 dawny [&hellip;]<\/p>\n","protected":false},"author":1,"featured_media":0,"parent":14,"menu_order":0,"comment_status":"closed","ping_status":"closed","template":"","meta":{"footnotes":""},"class_list":["post-24","page","type-page","status-publish","hentry"],"_links":{"self":[{"href":"https:\/\/sp84.poznan.pl\/index.php\/wp-json\/wp\/v2\/pages\/24","targetHints":{"allow":["GET"]}}],"collection":[{"href":"https:\/\/sp84.poznan.pl\/index.php\/wp-json\/wp\/v2\/pages"}],"about":[{"href":"https:\/\/sp84.poznan.pl\/index.php\/wp-json\/wp\/v2\/types\/page"}],"author":[{"embeddable":true,"href":"https:\/\/sp84.poznan.pl\/index.php\/wp-json\/wp\/v2\/users\/1"}],"replies":[{"embeddable":true,"href":"https:\/\/sp84.poznan.pl\/index.php\/wp-json\/wp\/v2\/comments?post=24"}],"version-history":[{"count":15,"href":"https:\/\/sp84.poznan.pl\/index.php\/wp-json\/wp\/v2\/pages\/24\/revisions"}],"predecessor-version":[{"id":4263,"href":"https:\/\/sp84.poznan.pl\/index.php\/wp-json\/wp\/v2\/pages\/24\/revisions\/4263"}],"up":[{"embeddable":true,"href":"https:\/\/sp84.poznan.pl\/index.php\/wp-json\/wp\/v2\/pages\/14"}],"wp:attachment":[{"href":"https:\/\/sp84.poznan.pl\/index.php\/wp-json\/wp\/v2\/media?parent=24"}],"curies":[{"name":"wp","href":"https:\/\/api.w.org\/{rel}","templated":true}]}}