{"id":819,"date":"2021-12-11T23:16:45","date_gmt":"2021-12-11T22:16:45","guid":{"rendered":"http:\/\/sp84.poznan.pl\/?page_id=819"},"modified":"2026-02-21T17:04:50","modified_gmt":"2026-02-21T16:04:50","slug":"kalendarz","status":"publish","type":"page","link":"https:\/\/sp84.poznan.pl\/index.php\/kalendarz\/","title":{"rendered":"Kalendarz roku szkolnego 2025\/2026"},"content":{"rendered":"\n<div class=\"wp-block-columns is-layout-flex wp-container-core-columns-is-layout-9d6595d7 wp-block-columns-is-layout-flex\">\n<div class=\"wp-block-column is-layout-flow wp-block-column-is-layout-flow\" style=\"flex-basis:33.33%\">\n<div id=\"section-g9f5a84\" class=\"wp-block-gutentor-e0 section-g9f5a84 gutentor-element gutentor-element-advanced-text\"><div class=\"gutentor-text-wrap\"><p class=\"gutentor-text\"><strong>Rozpocz\u0119cie roku szkolnego<\/strong><br>01 wrze\u015bnia 2025 r.<br><br><strong>Zebrania z rodzicami <br>i wywiad\u00f3wki<\/strong><br>04 wrze\u015bnia 2025 r. (klasy I)<br>27 listopada 2025 r. <br>15 stycznia 2026 r. (konsultacje z rodzicami)<br>12 luty 2026 r. <br>23 kwietnia 2026 r. <br>11 czerwca 2026 r.<br><br><strong>Dni wolne od zaj\u0119\u0107<\/strong><br>01 listopada 2025 r.<br>11 listopada 2025 r.<br>24 grudnia 2025 r. <br>01 stycznia 2026 r. <br>06 stycznia 2026 r. <br>01 maja 2026 r. <br>04 czerwca 2026 r. <br><br><strong>Dy\u017cury w \u015bwietlicy &#8211; dni wolne od zaj\u0119\u0107 dydaktycznych<\/strong><br>14 pa\u017adziernika 2025 r. <br>31 pa\u017adziernika 2025 r. <br>10 listopada 2025 r. <br>22 grudnia 2025 r. <br>23 grudnia 2025 r. <br>29 grudnia 2025 r. <br>30 grudnia 2025 r. <br>31 grudnia 2025 r. <br>02 kwietnia 2026 r. <br>03 kwietnia 2026 r. <br>07 kwietnia 2026 r. <br>05 czerwca 2025 r. <\/p><\/div><\/div>\n<\/div>\n\n\n\n<div class=\"wp-block-column is-layout-flow wp-block-column-is-layout-flow\" style=\"flex-basis:66.66%\">\n<div id=\"section-g70fbb1\" class=\"wp-block-gutentor-e0 section-g70fbb1 gutentor-element gutentor-element-advanced-text\"><div class=\"gutentor-text-wrap\"><p class=\"gutentor-text\"><strong>Zimowa przerwa \u015bwi\u0105teczna (Bo\u017ce Narodzenie)<br><\/strong>22 grudnia 2025 r. &#8211; 31 grudnia 2025 r.<br><strong><br>Ferie zimowe<br><\/strong>16 luty 2026 r. &#8211; 01 marzec 2026 r.<br><strong><br>Wiosenna przerwa \u015bwi\u0105teczna (Wielkanoc)<br><\/strong>02 kwietnia 2026 r. &#8211; 07 kwietnia  2026 r.<br><br><strong>Festyn z okazji Dnia Dziecka<\/strong><br>30 maja 2026 r.<br><strong><br>Zako\u0144czenie roku szkolnego<br><\/strong>26 czerwca 2026 r.<br><\/p><\/div><\/div>\n<\/div>\n<\/div>\n\n\n\n<div id=\"section-g53951a\" class=\"wp-block-gutentor-e0 section-g53951a gutentor-element gutentor-element-advanced-text\"><div class=\"gutentor-text-wrap\"><p class=\"gutentor-text\"><\/p><\/div><\/div>\n","protected":false},"excerpt":{"rendered":"","protected":false},"author":4,"featured_media":0,"parent":0,"menu_order":0,"comment_status":"closed","ping_status":"closed","template":"","meta":{"footnotes":""},"class_list":["post-819","page","type-page","status-publish","hentry"],"_links":{"self":[{"href":"https:\/\/sp84.poznan.pl\/index.php\/wp-json\/wp\/v2\/pages\/819","targetHints":{"allow":["GET"]}}],"collection":[{"href":"https:\/\/sp84.poznan.pl\/index.php\/wp-json\/wp\/v2\/pages"}],"about":[{"href":"https:\/\/sp84.poznan.pl\/index.php\/wp-json\/wp\/v2\/types\/page"}],"author":[{"embeddable":true,"href":"https:\/\/sp84.poznan.pl\/index.php\/wp-json\/wp\/v2\/users\/4"}],"replies":[{"embeddable":true,"href":"https:\/\/sp84.poznan.pl\/index.php\/wp-json\/wp\/v2\/comments?post=819"}],"version-history":[{"count":25,"href":"https:\/\/sp84.poznan.pl\/index.php\/wp-json\/wp\/v2\/pages\/819\/revisions"}],"predecessor-version":[{"id":5753,"href":"https:\/\/sp84.poznan.pl\/index.php\/wp-json\/wp\/v2\/pages\/819\/revisions\/5753"}],"wp:attachment":[{"href":"https:\/\/sp84.poznan.pl\/index.php\/wp-json\/wp\/v2\/media?parent=819"}],"curies":[{"name":"wp","href":"https:\/\/api.w.org\/{rel}","templated":true}]}}